posite?
False
Is 48563 a prime number?
True
Is 9791 a composite number?
False
Is 8553 a prime number?
False
Is 2209 composite?
True
Is 59837 a prime number?
False
Is 13667 a composite number?
True
Is 42317 prime?
False
Is 2323 composite?
True
Is 31247 composite?
False
Is 2179 prime?
True
Is 6197 composite?
False
Is 71429 composite?
False
Is 3967 prime?
True
Is 1169941 composite?
True
Is 4964047 a composite number?
True
Is 100043 a prime number?
True
Is 194585 a prime number?
False
Is 280997 a composite number?
False
Is 84521 a composite number?
False
Is 7114 prime?
False
Is 5833 a prime number?
False
Is 16909 a prime number?
False
Is 585367 a composite number?
False
Is 4547 prime?
True
Is 52265 prime?
False
Is 36241 prime?
True
Is 9311 a prime number?
True
Is 33779 a composite number?
True
Is 523 composite?
False
Is 40417 a prime number?
False
Is 492299 prime?
True
Is 4387 composite?
True
Is 137393 a composite number?
False
Is 22171 composite?
False
Is 88943 composite?
True
Is 1803567 a composite number?
True
Is 38597 a prime number?
False
Is 11351 prime?
True
Is 298397 a prime number?
False
Is 8513 a composite number?
False
Is 11386 a prime number?
False
Is 67 a composite number?
False
Is 16729 a composite number?
False
Is 138611 composite?
True
Is 47567 a composite number?
True
Is 25523 prime?
True
Is 115113 prime?
False
Is 943 a composite number?
True
Is 117713 composite?
True
Is 37745 prime?
False
Is 99469 prime?
True
Is 81281 a composite number?
False
Is 58889 prime?
True
Is 302111 a prime number?
True
Is 1327043 a prime number?
True
Is 22471 composite?
True
Is 1111 a composite number?
True
Is 2521 a composite number?
False
Is 61331 composite?
False
Is 584566 a composite number?
True
Is 9023 composite?
True
Is 1949 composite?
False
Is 2671 composite?
False
Is 3899 a prime number?
False
Is 4001431 a prime number?
False
Is 11113 a composite number?
False
Is 12227 composite?
False
Is 179161 a prime number?
True
Is 685987 prime?
True
Is 241427 prime?
False
Is 4539569 a prime number?
True
Is 1657 prime?
True
Is 424279 prime?
False
Is 23311 prime?
True
Is 93047 prime?
True
Is 26539 composite?
False
Is 76403 prime?
True
Is 67565 prime?
False
Is 34679 composite?
False
Is 2964491 composite?
False
Is 417161 a prime number?
True
Is 2353 a prime number?
False
Is 183035 composite?
True
Is 598303 a composite number?
False
Is 5273 a composite number?
False
Is 335233 composite?
True
Is 192061 composite?
True
Is 212455 composite?
True
Is 309623 composite?
False
Is 2036842 prime?
False
Is 21001 prime?
True
Is 129377 composite?
True
Is 44771 a composite number?
False
Is 94933 prime?
True
Is 15493 a composite number?
False
Is 20611 a composite number?
False
Is 6599 a prime number?
True
Is 51033 a composite number?
True
Is 7079 a composite number?
False
Is 45379 prime?
False
Is 1727 a prime number?
False
Is 2203 a composite number?
False
Is 1973 a prime number?
True
Is 150295 a prime number?
False
Is 30581 composite?
True
Is 11101 a composite number?
True
Is 232865 composite?
True
Is 5711 composite?
False
Is 96947 a prime number?
False
Is 117965 a composite number?
True
Is 245251 a prime number?
True
Is 112963 a prime number?
False
Is 7981 prime?
False
Is 28667 a composite number?
True
Is 5507 prime?
True
Is 43391 composite?
False
Is 411973 a prime number?
False
Is 4332085 a prime number?
False
Is 2767 a prime number?
True
Is 136645 composite?
True
Is 2117611 a prime number?
True
Is 2581 a composite number?
True
Is 4073585 composite?
True
Is 1124206 a prime number?
False
Is 10037 a composite number?
False
Is 161363 a prime number?
True
Is 13714 a prime number?
False
Is 40451 composite?
True
Is 455527 prime?
True
Is 24899 a composite number?
True
Is 395803 a prime number?
True
Is 362774 a prime number?
False
Is 22141 a prime number?
False
Is 52979 prime?
False
Is 248809 a prime number?
False
Is 14513 a prime number?
False
Is 30983 a composite number?
False
Is 14709 a prime number?
False
Is 9587 prime?
True
Is 195727 composite?
True
Is 41579 composite?
False
Is 997 composite?
False
Is 975487 prime?
False
Is 66647 prime?
False
Is 71161 composite?
False
Is 157763 composite?
True
Is 445069 a prime number?
True
Is 1262 a prime number?
False
Is 7355 composite?
True
Is 6857 composite?
False
Is 28915 prime?
False
Is 1067 a prime number?
False
Is 715613 a prime number?
True
Is 1241785 a composite number?
True
Is 3089 composite?
False
Is 282349 a composite number?
False
Is 1027201 prime?
False
Is 386511 a composite number?
True
Is 460221 composite?
True
Is 10021 a prime number?
False
Is 631733 prime?
True
Is 402691 a prime number?
True
Is 32213 a prime number?
True
Is 9059 prime?
True
Is 34019 prime?
True
Is 1276433 a composite number?
False
Is 39977 composite?
True
Is 58309 prime?
True
Is 28151 composite?
False
Is 74599 composite?
True
Is 68957 composite?
True
Is 472513 prime?
False
Is 78235 a composite number?
True
Is 15551 a composite number?
False
Is 205899 a composite number?
True
Is 83047 prime?
True
Is 41879 a composite number?
False
Is 210481 a composite number?
False
Is 45943 prime?
True
Is 497 prime?
False
Is 3932111 a prime number?
False
Is 40627 a prime number?
True
Is 19157 prime?
True
Is 31201 a prime number?
False
Is 101627 composite?
False
Is 9923 a composite number?
False
Is 104513 a composite number?
False
Is 50419 a composite number?
True
Is 19553 a prime number?
True
Is 6281 a prime number?
False
Is 190861 prime?
False
Is 87095 a composite number?
True
Is 142183 prime?
True
Is 256877 a prime number?
True
Is 125053 composite?
False
Is 28973 prime?
False
Is 17059 prime?
False
Is 4409 a prime number?
True
Is 32647 composite?
False
Is 17891 a composite number?
False
Is 16319 prime?
True
Is 970987 a prime number?
True
Is 789793 composite?
False
Is 124109 a prime number?
False
Is 25681 prime?
False
Is 3386 a composite number?
True
Is 1543 a prime number?
True
Is 2904103 a prime number?
True
Is 21581 composite?
True
Is 52487 composite?
True
Is 12343 prime?
True
Is 489 prime?
False
Is 61769 prime?
False
Is 84943 a prime number?
False
Is 108631 prime?
True
Is 31847 a prime number?
True
Is 73183 prime?
False
Is 8211163 composite?
False
Is 43001 composite?
True
Is 13579 prime?
False
Is 2521 prime?
True
Is 71453 a composite number?
False
Is 33563 a prime number?
True
Is 17833 a composite number?
True
Is 190349 composite?
True
Is 83671 a composite number?
True
Is 13291 composite?
False
Is 549501 a prime number?
False
Is 39341 prime?
True
Is 218573 a composite number?
True
Is 3163 a composite number?
False
Is 12571 a composite number?
True
Is 615721 prime?
True
Is 42667 prime?
True
Is 3005137 prime?
False
Is 601235 a composite number?
True
Is 5261 prime?
True
Is 38945 prime?
False
Is 12791 a prime number?
True
Is 21247 a prime number?
True
Is 6433 composite?
True
Is 5147 prime?
True
Is 26171 prime?
True
Is 1689 a composite number?
True
Is 11113 a composite number?
False
Is 213713 prime?
True
Is 1507789 a composite number?
False
Is 205721 prime?
True
Is 252071 composite?
True
Is 28751 a prime number?
True
Is 248047 a composite number?
True
Is 5082445 prime?
False
Is 146191 prime?
True
Is 38689 a prime number?
False
Is 8399 a composite number?
True
Is 244707 a composite number?
True
Is 98635 prime?
False
Is 267959 prime?
True
Is 11677 prime?
True
Is 184561 composite?
True
Is 217559 a prime number?
True
Is 1997339 prime?
True
Is 20283 a prime number?
False
Is 16843 a composite number?
False
Is 175211 composite?
False
Is 307 composite?
False
Is 28513 a composite number?
False
Is 100591 composite?
False
Is 62807 a prime number?
False
Is 11923 prime?
True
Is 14683 a prime number?
True
Is 743233 a composite number?
True
Is 8707 a prime number?
True
Is 379351 a composite number?
True
Is 4056161 prime?
True
Is 83969 a composite number?
False
Is 376429 composite?
True
Is 5749 a prime number?
True
Is 10049 a prime number?
False
Is 948599 prime?
False
Is 479 prime?
True
Is 5273 a prime number?
True
Is 87739 a composite number?
False
Is 179849 a composite number?
False
Is 68603 a prime number?
False
Is 70393 composite?
False
Is 1409 a prime number?
True
Is 22837 prime?
False
Is 11065 prime?
False
Is 232483 a prime number?
False
Is 1817 composite?
True
Is 392053 prime?
Tru